{"id":1292,"date":"2024-03-18T15:07:39","date_gmt":"2024-03-18T15:07:39","guid":{"rendered":"https:\/\/kunstverein-villingen-schwenningen.de\/wordpress\/?page_id=1292"},"modified":"2024-03-18T15:19:07","modified_gmt":"2024-03-18T15:19:07","slug":"axel-heil-fastentuch-2024-st-bruder-klaus","status":"publish","type":"page","link":"https:\/\/kunstverein-villingen-schwenningen.de\/wordpress\/?page_id=1292","title":{"rendered":"Axel Heil &#8211; Fastentuch 2024 (St. Bruder Klaus)"},"content":{"rendered":"\n<figure class=\"wp-block-image size-large\"><img loading=\"lazy\" decoding=\"async\" width=\"553\" height=\"1024\" src=\"https:\/\/kunstverein-villingen-schwenningen.de\/wordpress\/wp-content\/uploads\/2024\/03\/Fastentuch_kl-553x1024.jpg\" alt=\"\" class=\"wp-image-1248\" srcset=\"https:\/\/kunstverein-villingen-schwenningen.de\/wordpress\/wp-content\/uploads\/2024\/03\/Fastentuch_kl-553x1024.jpg 553w, https:\/\/kunstverein-villingen-schwenningen.de\/wordpress\/wp-content\/uploads\/2024\/03\/Fastentuch_kl-162x300.jpg 162w, https:\/\/kunstverein-villingen-schwenningen.de\/wordpress\/wp-content\/uploads\/2024\/03\/Fastentuch_kl.jpg 600w\" sizes=\"auto, (max-width: 553px) 100vw, 553px\" \/><figcaption class=\"wp-element-caption\">(Barbed Wire  \u2013  Devil&#8217;s Rope)\n\nBleistift, Farbstift, Grafit, Acryl auf Papier, gewachst\n250 x  280 cm<\/figcaption><\/figure>\n\n\n\n<p><strong>150 Jahre Stacheldraht<\/strong><\/p>\n\n\n\n<p>Vor 150 Jahren wurde das erste Patent auf Stacheldraht und seine maschinelle Fertigung in den USA erteilt. Die Interessen der Farmer gegen\u00fcber denen der Rancher sollten gesch\u00fctzt werden. So konnte verhindert werden, dass die Rinderherden auf die Anbaugebiete eindrangen. Die indigenen St\u00e4mme nannten den Draht \u201eTeufelsschnur\u201c &#8211; Devil&#8217;s Rope.<\/p>\n\n\n\n<p>Der Kranz der Drahtwicklungen mit seinen Stacheln weist auf die Dornenkrone hin. Die senkrechten Elemente stabilisieren die Wicklungen zur Befestigungsanlage und lassen sich mit dem unten verlaufenden dunklen Schattenbalken zu einer Kreuzform erg\u00e4nzen. Das Violett ist die Farbigkeit der Fastenzeit.<\/p>\n\n\n\n<p>Seit dem Beginn des 20.Jahrhundert ist der Stacheldraht in der Kriegsf\u00fchrung und der Trennung von V\u00f6lkern, Religionen und Staaten ein unverzichtbares Hilfsmittel. Das so verursach-te vielfache Leid und das in der christlichen Dornenkrone symbolisierte Leid verbinden sich bildlich und inhaltlich. Wir erleben es gegenw\u00e4rtig wieder sehr deutlich.<\/p>\n\n\n\n<p>Axel e. Heil , Februar 2024<\/p>\n\n\n\n<p><strong>Trauermetten in der Karwoche<\/strong><\/p>\n\n\n\n<p>Mittwoch, 27. 03. 2024, 18 Uhr<br>Karfreitag, 29. 03. 2024, 8 Uhr<br>Karsamstag, 30. 03. 2024, 8 Uhr<\/p>\n\n\n\n<p>Markus Kreutz<\/p>\n\n\n\n<p>Gestaltung: Matthias Eschbach<br>Axel E. Heil<\/p>\n\n\n\n<p>Die Kirche ist tags\u00fcber ge\u00f6ffnet<\/p>\n\n\n\n<p>St. Bruder Klaus<br>Offenburger Stra\u00dfe 29c<br>78048 Villingen-Schwenningen<\/p>\n\n\n\n<p><\/p>\n","protected":false},"excerpt":{"rendered":"<p>150 Jahre Stacheldraht Vor 150 Jahren wurde das erste Patent auf Stacheldraht und seine maschinelle Fertigung in den USA erteilt. Die Interessen der Farmer gegen\u00fcber denen der Rancher sollten gesch\u00fctzt werden. So konnte verhindert werden, dass die Rinderherden auf die Anbaugebiete eindrangen. Die indigenen St\u00e4mme nannten den Draht \u201eTeufelsschnur\u201c &#8211;&hellip;<\/p>\n<p class=\"read-more\"><a href=\"https:\/\/kunstverein-villingen-schwenningen.de\/wordpress\/?page_id=1292\">Read More<\/a><\/p>\n","protected":false},"author":1,"featured_media":0,"parent":1268,"menu_order":0,"comment_status":"closed","ping_status":"closed","template":"page-templates\/left-sidebar.php","meta":{"ngg_post_thumbnail":0,"footnotes":""},"class_list":["post-1292","page","type-page","status-publish","hentry"],"_links":{"self":[{"href":"https:\/\/kunstverein-villingen-schwenningen.de\/wordpress\/index.php?rest_route=\/wp\/v2\/pages\/1292","targetHints":{"allow":["GET"]}}],"collection":[{"href":"https:\/\/kunstverein-villingen-schwenningen.de\/wordpress\/index.php?rest_route=\/wp\/v2\/pages"}],"about":[{"href":"https:\/\/kunstverein-villingen-schwenningen.de\/wordpress\/index.php?rest_route=\/wp\/v2\/types\/page"}],"author":[{"embeddable":true,"href":"https:\/\/kunstverein-villingen-schwenningen.de\/wordpress\/index.php?rest_route=\/wp\/v2\/users\/1"}],"replies":[{"embeddable":true,"href":"https:\/\/kunstverein-villingen-schwenningen.de\/wordpress\/index.php?rest_route=%2Fwp%2Fv2%2Fcomments&post=1292"}],"version-history":[{"count":3,"href":"https:\/\/kunstverein-villingen-schwenningen.de\/wordpress\/index.php?rest_route=\/wp\/v2\/pages\/1292\/revisions"}],"predecessor-version":[{"id":1298,"href":"https:\/\/kunstverein-villingen-schwenningen.de\/wordpress\/index.php?rest_route=\/wp\/v2\/pages\/1292\/revisions\/1298"}],"up":[{"embeddable":true,"href":"https:\/\/kunstverein-villingen-schwenningen.de\/wordpress\/index.php?rest_route=\/wp\/v2\/pages\/1268"}],"wp:attachment":[{"href":"https:\/\/kunstverein-villingen-schwenningen.de\/wordpress\/index.php?rest_route=%2Fwp%2Fv2%2Fmedia&parent=1292"}],"curies":[{"name":"wp","href":"https:\/\/api.w.org\/{rel}","templated":true}]}}