{"id":1372,"date":"2025-04-15T14:20:14","date_gmt":"2025-04-15T14:20:14","guid":{"rendered":"https:\/\/kunstverein-villingen-schwenningen.de\/wordpress\/?page_id=1372"},"modified":"2025-09-07T17:47:41","modified_gmt":"2025-09-07T17:47:41","slug":"aktuell-6","status":"publish","type":"page","link":"https:\/\/kunstverein-villingen-schwenningen.de\/wordpress\/?page_id=1372","title":{"rendered":"Trauermetten in der Karwoche 2025"},"content":{"rendered":"\n<p><strong>Trauermetten in der Karwoche<\/strong><\/p>\n\n\n\n<figure class=\"wp-block-image size-large\"><img loading=\"lazy\" decoding=\"async\" width=\"552\" height=\"1024\" src=\"https:\/\/kunstverein-villingen-schwenningen.de\/wordpress\/wp-content\/uploads\/2025\/04\/Einladung-2025-552x1024.jpg\" alt=\"Axel E. Heil, Die Bedrohnung, 2025,\nPigment auf Papier, gewachst, dreiteilig, 260 - 360 x 280 cm\" class=\"wp-image-1379\" title=\"Axel E. Heil, Die Bedrohnung, 2025, Pigment auf Papier, gewachst, dreiteilig, 260 \u2013 360 x 280 cm\" srcset=\"https:\/\/kunstverein-villingen-schwenningen.de\/wordpress\/wp-content\/uploads\/2025\/04\/Einladung-2025-552x1024.jpg 552w, https:\/\/kunstverein-villingen-schwenningen.de\/wordpress\/wp-content\/uploads\/2025\/04\/Einladung-2025-162x300.jpg 162w, https:\/\/kunstverein-villingen-schwenningen.de\/wordpress\/wp-content\/uploads\/2025\/04\/Einladung-2025-768x1423.jpg 768w, https:\/\/kunstverein-villingen-schwenningen.de\/wordpress\/wp-content\/uploads\/2025\/04\/Einladung-2025-829x1536.jpg 829w, https:\/\/kunstverein-villingen-schwenningen.de\/wordpress\/wp-content\/uploads\/2025\/04\/Einladung-2025.jpg 1017w\" sizes=\"auto, (max-width: 552px) 100vw, 552px\" \/><\/figure>\n\n\n\n<p class=\"has-small-font-size\">Axel E. Heil, Die Bedrohnung, 2025,<br>Pigment auf Papier, gewachst, dreiteilig, 260 &#8211; 360 x 280 cm<\/p>\n\n\n\n<p><strong>Trauermetten in der Karwoche<\/strong><\/p>\n\n\n\n<p>Mittwoch, 16. 04. 2025, 18 Uhr<br>Karfreitag, 18. 04. 2025, 8 Uhr<br>Karsamstag, 19. 04. 2025, 8 Uhr<\/p>\n\n\n\n<p>Gestaltung:<br>Markus Kreutz<br>Dr. Frohmut Jakob<br>Axel E. Heil<\/p>\n\n\n\n<p>Die Kirche ist tags\u00fcber ge\u00f6ffnet<\/p>\n\n\n\n<p>St. Bruder Klaus<br>Offenburger Stra\u00dfe 29c<br>78048 Villingen-Schwenningen<\/p>\n\n\n\n<p class=\"has-small-font-size\"><br>\u00a9 Axel E. Heil<\/p>\n\n\n\n<hr class=\"wp-block-separator has-alpha-channel-opacity\"\/>\n\n\n\n<p><strong>Verh\u00fcllung bis Ostern in St. Cyriak in Furtwangen<\/strong><\/p>\n\n\n\n<figure class=\"wp-block-image size-medium\"><img loading=\"lazy\" decoding=\"async\" width=\"200\" height=\"300\" src=\"https:\/\/kunstverein-villingen-schwenningen.de\/wordpress\/wp-content\/uploads\/2025\/04\/Fasteninstallation-2025-kl-200x300.jpg\" alt=\"\" class=\"wp-image-1377\" srcset=\"https:\/\/kunstverein-villingen-schwenningen.de\/wordpress\/wp-content\/uploads\/2025\/04\/Fasteninstallation-2025-kl-200x300.jpg 200w, https:\/\/kunstverein-villingen-schwenningen.de\/wordpress\/wp-content\/uploads\/2025\/04\/Fasteninstallation-2025-kl-683x1024.jpg 683w, https:\/\/kunstverein-villingen-schwenningen.de\/wordpress\/wp-content\/uploads\/2025\/04\/Fasteninstallation-2025-kl.jpg 700w\" sizes=\"auto, (max-width: 200px) 100vw, 200px\" \/><\/figure>\n\n\n\n<p><\/p>\n\n\n\n<p><strong>Das \u201eFastentuch\u201c kommt erneut von Axel E. Heil<\/strong><br><br>Auch in diesem Jahr regt in der Furtwanger Stadtkirche St. Cyriak eine Installation des Dauchinger K\u00fcnstlers Axel Heil w\u00e4hrend der Fastenzeit zum Innehalten und Nachdenken an. Das Kunstwerk zur Fastenzeit 2025 hat dieses Mal wieder eine ganz andere Dimension: Waren es 2024 noch drei Tuchbahnen, die das Kruzifix im Chorraum verbargen, ist es in diesem Jahr ein einziges Tuch mit einer L\u00e4nge von knapp 14 Metern bei einer Breite von nicht ganz einem Meter, das bis zur Decke des Chorraums reicht. Die Tuchbahn ist gefertigt mit Grafit und Acryl auf gewachstem Papier. Der K\u00fcnstler hat dem Kunstwerk den Titel \u201eInterim\/Interzone\u201c gegeben. Er will damit ausdr\u00fccken, dass die Fastenzeit eine Zwischen-Zeit des \u201evorbei\u201c wie auch des \u201edavor\u201c ist. \u201eDurch das Verbergen der gewohnten Pr\u00e4senz der zentralen Figur wird das Fehlen bewusst und der Raum \u00e4ndert sich\u201c, sagt Axel Heil selbst \u00fcber seine Intention. Die Installation ist auf den ersten Blick zun\u00e4chst gekennzeichnet durch die Farben des Prismas, wie sie auch im Regenbogen erscheinen. Bei genauerem Betrachten erkennt man, dass sich eine weitere Struktur, die Doppelhelix der DNS, die alle Bausteine der Lebewesen enth\u00e4lt, \u00fcber die gesamte L\u00e4nge der Tuchbahn zieht. Dies kann Assoziationen wecken, die mit religi\u00f6sen Bedeutungen beginnen und bei Begriffen wie Gesellschaft und Kunst noch lange nicht enden m\u00fcssen. Die Installation soll vor allem zum Nachdenken anregen und das nicht nur zu den Gottesdienstzeiten, die Kirche ist tags\u00fcber jederzeit zug\u00e4nglich. Jede Besucherin, jeder Besucher kann bei der Betrachtung seine eigenen Gedanken einbringen.<\/p>\n\n\n\n<p><\/p>\n","protected":false},"excerpt":{"rendered":"<p>Trauermetten in der Karwoche Axel E. Heil, Die Bedrohnung, 2025,Pigment auf Papier, gewachst, dreiteilig, 260 &#8211; 360 x 280 cm Trauermetten in der Karwoche Mittwoch, 16. 04. 2025, 18 UhrKarfreitag, 18. 04. 2025, 8 UhrKarsamstag, 19. 04. 2025, 8 Uhr Gestaltung:Markus KreutzDr. Frohmut JakobAxel E. Heil Die Kirche ist tags\u00fcber&hellip;<\/p>\n<p class=\"read-more\"><a href=\"https:\/\/kunstverein-villingen-schwenningen.de\/wordpress\/?page_id=1372\">Read More<\/a><\/p>\n","protected":false},"author":1,"featured_media":0,"parent":0,"menu_order":0,"comment_status":"closed","ping_status":"closed","template":"page-templates\/full-width.php","meta":{"ngg_post_thumbnail":0,"footnotes":""},"class_list":["post-1372","page","type-page","status-publish","hentry"],"_links":{"self":[{"href":"https:\/\/kunstverein-villingen-schwenningen.de\/wordpress\/index.php?rest_route=\/wp\/v2\/pages\/1372","targetHints":{"allow":["GET"]}}],"collection":[{"href":"https:\/\/kunstverein-villingen-schwenningen.de\/wordpress\/index.php?rest_route=\/wp\/v2\/pages"}],"about":[{"href":"https:\/\/kunstverein-villingen-schwenningen.de\/wordpress\/index.php?rest_route=\/wp\/v2\/types\/page"}],"author":[{"embeddable":true,"href":"https:\/\/kunstverein-villingen-schwenningen.de\/wordpress\/index.php?rest_route=\/wp\/v2\/users\/1"}],"replies":[{"embeddable":true,"href":"https:\/\/kunstverein-villingen-schwenningen.de\/wordpress\/index.php?rest_route=%2Fwp%2Fv2%2Fcomments&post=1372"}],"version-history":[{"count":10,"href":"https:\/\/kunstverein-villingen-schwenningen.de\/wordpress\/index.php?rest_route=\/wp\/v2\/pages\/1372\/revisions"}],"predecessor-version":[{"id":1400,"href":"https:\/\/kunstverein-villingen-schwenningen.de\/wordpress\/index.php?rest_route=\/wp\/v2\/pages\/1372\/revisions\/1400"}],"wp:attachment":[{"href":"https:\/\/kunstverein-villingen-schwenningen.de\/wordpress\/index.php?rest_route=%2Fwp%2Fv2%2Fmedia&parent=1372"}],"curies":[{"name":"wp","href":"https:\/\/api.w.org\/{rel}","templated":true}]}}

<p><strong>Trauermetten in der Karwoche</strong></p>



<figure class="wp-block-image size-large"><img loading="lazy" decoding="async" width="552" height="1024" src="https://kunstverein-villingen-schwenningen.de/wordpress/wp-content/uploads/2025/04/Einladung-2025-552x1024.jpg" alt="Axel E. Heil, Die Bedrohnung, 2025,
Pigment auf Papier, gewachst, dreiteilig, 260 - 360 x 280 cm" class="wp-image-1379" title="Axel E. Heil, Die Bedrohnung, 2025, Pigment auf Papier, gewachst, dreiteilig, 260 – 360 x 280 cm" srcset="https://kunstverein-villingen-schwenningen.de/wordpress/wp-content/uploads/2025/04/Einladung-2025-552x1024.jpg 552w, https://kunstverein-villingen-schwenningen.de/wordpress/wp-content/uploads/2025/04/Einladung-2025-162x300.jpg 162w, https://kunstverein-villingen-schwenningen.de/wordpress/wp-content/uploads/2025/04/Einladung-2025-768x1423.jpg 768w, https://kunstverein-villingen-schwenningen.de/wordpress/wp-content/uploads/2025/04/Einladung-2025-829x1536.jpg 829w, https://kunstverein-villingen-schwenningen.de/wordpress/wp-content/uploads/2025/04/Einladung-2025.jpg 1017w" sizes="auto, (max-width: 552px) 100vw, 552px" /></figure>



<p class="has-small-font-size">Axel E. Heil, Die Bedrohnung, 2025,<br>Pigment auf Papier, gewachst, dreiteilig, 260 &#8211; 360 x 280 cm</p>



<p><strong>Trauermetten in der Karwoche</strong></p>



<p>Mittwoch, 16. 04. 2025, 18 Uhr<br>Karfreitag, 18. 04. 2025, 8 Uhr<br>Karsamstag, 19. 04. 2025, 8 Uhr</p>



<p>Gestaltung:<br>Markus Kreutz<br>Dr. Frohmut Jakob<br>Axel E. Heil</p>



<p>Die Kirche ist tagsüber geöffnet</p>



<p>St. Bruder Klaus<br>Offenburger Straße 29c<br>78048 Villingen-Schwenningen</p>



<p class="has-small-font-size"><br>© Axel E. Heil</p>



<hr class="wp-block-separator has-alpha-channel-opacity"/>



<p><strong>Verhüllung bis Ostern in St. Cyriak in Furtwangen</strong></p>



<figure class="wp-block-image size-medium"><img loading="lazy" decoding="async" width="200" height="300" src="https://kunstverein-villingen-schwenningen.de/wordpress/wp-content/uploads/2025/04/Fasteninstallation-2025-kl-200x300.jpg" alt="" class="wp-image-1377" srcset="https://kunstverein-villingen-schwenningen.de/wordpress/wp-content/uploads/2025/04/Fasteninstallation-2025-kl-200x300.jpg 200w, https://kunstverein-villingen-schwenningen.de/wordpress/wp-content/uploads/2025/04/Fasteninstallation-2025-kl-683x1024.jpg 683w, https://kunstverein-villingen-schwenningen.de/wordpress/wp-content/uploads/2025/04/Fasteninstallation-2025-kl.jpg 700w" sizes="auto, (max-width: 200px) 100vw, 200px" /></figure>



<p></p>



<p><strong>Das „Fastentuch“ kommt erneut von Axel E. Heil</strong><br><br>Auch in diesem Jahr regt in der Furtwanger Stadtkirche St. Cyriak eine Installation des Dauchinger Künstlers Axel Heil während der Fastenzeit zum Innehalten und Nachdenken an. Das Kunstwerk zur Fastenzeit 2025 hat dieses Mal wieder eine ganz andere Dimension: Waren es 2024 noch drei Tuchbahnen, die das Kruzifix im Chorraum verbargen, ist es in diesem Jahr ein einziges Tuch mit einer Länge von knapp 14 Metern bei einer Breite von nicht ganz einem Meter, das bis zur Decke des Chorraums reicht. Die Tuchbahn ist gefertigt mit Grafit und Acryl auf gewachstem Papier. Der Künstler hat dem Kunstwerk den Titel „Interim/Interzone“ gegeben. Er will damit ausdrücken, dass die Fastenzeit eine Zwischen-Zeit des „vorbei“ wie auch des „davor“ ist. „Durch das Verbergen der gewohnten Präsenz der zentralen Figur wird das Fehlen bewusst und der Raum ändert sich“, sagt Axel Heil selbst über seine Intention. Die Installation ist auf den ersten Blick zunächst gekennzeichnet durch die Farben des Prismas, wie sie auch im Regenbogen erscheinen. Bei genauerem Betrachten erkennt man, dass sich eine weitere Struktur, die Doppelhelix der DNS, die alle Bausteine der Lebewesen enthält, über die gesamte Länge der Tuchbahn zieht. Dies kann Assoziationen wecken, die mit religiösen Bedeutungen beginnen und bei Begriffen wie Gesellschaft und Kunst noch lange nicht enden müssen. Die Installation soll vor allem zum Nachdenken anregen und das nicht nur zu den Gottesdienstzeiten, die Kirche ist tagsüber jederzeit zugänglich. Jede Besucherin, jeder Besucher kann bei der Betrachtung seine eigenen Gedanken einbringen.</p>



<p></p>

<p>Trauermetten in der Karwoche Axel E. Heil, Die Bedrohnung, 2025,Pigment auf Papier, gewachst, dreiteilig, 260 &#8211; 360 x 280 cm Trauermetten in der Karwoche Mittwoch, 16. 04. 2025, 18 UhrKarfreitag, 18. 04. 2025, 8 UhrKarsamstag, 19. 04. 2025, 8 Uhr Gestaltung:Markus KreutzDr. Frohmut JakobAxel E. Heil Die Kirche ist tagsüber&hellip;</p>
<p class="read-more"><a href="https://kunstverein-villingen-schwenningen.de/wordpress/?page_id=1372">Read More</a></p>
