{"id":695,"date":"2020-03-03T11:27:45","date_gmt":"2020-03-03T11:27:45","guid":{"rendered":"https:\/\/kunstverein-villingen-schwenningen.de\/wordpress\/?page_id=695"},"modified":"2020-03-03T11:31:23","modified_gmt":"2020-03-03T11:31:23","slug":"jahresausstellung-2019","status":"publish","type":"page","link":"https:\/\/kunstverein-villingen-schwenningen.de\/wordpress\/?page_id=695","title":{"rendered":"Jahresausstellung 2019"},"content":{"rendered":"\n<figure class=\"wp-block-image\"><img decoding=\"async\" src=\"https:\/\/kunstverein-villingen-schwenningen.de\/wordpress\/wp-content\/uploads\/2019\/10\/Plakat-A4-KVVS-2019_kl.jpg\" alt=\"Dieses Bild hat ein leeres Alt-Attribut. Der Dateiname ist Plakat-A4-KVVS-2019_kl.jpg\"\/><\/figure>\n\n\n\n<p>Der Kunstverein Villingen-Schwenningen l\u00e4dt Sie und Ihre Freunde herzlich ein zur Er\u00f6ffnung seiner<\/p>\n\n\n\n<p><strong>66. Jahresausstellung<\/strong><\/p>\n\n\n\n<p>am Sonntag, 10. November 2019, um 12.00 Uhr<br>im Franziskanermuseum Stadtbezirk Villingen, Rietgasse 2<\/p>\n\n\n\n<p>Unikate der Ausstellenden werden als Jahresgaben angeboten.<br>Mitgliedern wird bei Kauf der Jahresbeitrag angerechnet.<br>Unter allen w\u00e4hrend der Ausstellung abgegebenen Beitrittserkl\u00e4rungen wird ein Unikat ausgelost<\/p>\n\n\n\n<p>Begr\u00fc\u00dfung: J\u00fcrgen Roth, Oberb\u00fcrgermeister<\/p>\n\n\n\n<p>Musikalischer Rahmen: Nadia Sofokleous<\/p>\n\n\n\n<p>Kurzf\u00fchrungen am Er\u00f6ffnungstag: 14.00, 15.00 und 16.00 Uhr<\/p>\n\n\n\n<p><strong>K\u00fcnstlergespr\u00e4che<\/strong><br>So 17. November, 15.00 Uhr<br>So 24. November, 15.00 Uhr<\/p>\n\n\n\n<p><strong>Finissage mit musikalischer Performance<\/strong><br>So 1. Dezember, 15.00 Uhr<\/p>\n\n\n\n<p>\u00d6ffnungszeiten<br>Di bis Sa 13.00 bis 17.00 Uhr,<br>So 11.00 bis 17.00 Uhr<\/p>\n\n\n\n<p>Mitglieder:<br>Frank Altmann<br>J\u00f6rg Bach<br>Josef B\u00fccheler<br>Sandra Eades<br>Daniel Erfle<br>Angela Flaig<br>Gotthard Glitsch<br>Helfried G. Glitsch<br>Hans Uwe H\u00e4hn<br>Axel e. Heil<br>Lisa Keller-Nikola<br>Wolfgang Kleiser<br>Reinhard Klessinger<br>Nikolaus Mohr<br>Wilhelm Morat<br>Katharina Puchner<br>Fritz Rapp<br>Marja Scholten-Reniers<br>Frank Renner<br>Paul Revellio<br>Zejlko Rusic<br>Uli Schanz<br>elfi schmidt<br>Reinhard Sigle<br>Remy Tr\u00e9visan<br>Andreas Wiertz<br>Lore Will<br>Walter Zepf<\/p>\n\n\n\n<p>G\u00e4ste:<br>Lutz Augspurger<br>Miriam Vogt<\/p>\n","protected":false},"excerpt":{"rendered":"<p>Der Kunstverein Villingen-Schwenningen l\u00e4dt Sie und Ihre Freunde herzlich ein zur Er\u00f6ffnung seiner 66. Jahresausstellung am Sonntag, 10. November 2019, um 12.00 Uhrim Franziskanermuseum Stadtbezirk Villingen, Rietgasse 2 Unikate der Ausstellenden werden als Jahresgaben angeboten.Mitgliedern wird bei Kauf der Jahresbeitrag angerechnet.Unter allen w\u00e4hrend der Ausstellung abgegebenen Beitrittserkl\u00e4rungen wird ein Unikat&hellip;<\/p>\n<p class=\"read-more\"><a href=\"https:\/\/kunstverein-villingen-schwenningen.de\/wordpress\/?page_id=695\">Read More<\/a><\/p>\n","protected":false},"author":1,"featured_media":0,"parent":0,"menu_order":0,"comment_status":"closed","ping_status":"closed","template":"page-templates\/full-width.php","meta":{"ngg_post_thumbnail":0,"footnotes":""},"class_list":["post-695","page","type-page","status-publish","hentry"],"_links":{"self":[{"href":"https:\/\/kunstverein-villingen-schwenningen.de\/wordpress\/index.php?rest_route=\/wp\/v2\/pages\/695","targetHints":{"allow":["GET"]}}],"collection":[{"href":"https:\/\/kunstverein-villingen-schwenningen.de\/wordpress\/index.php?rest_route=\/wp\/v2\/pages"}],"about":[{"href":"https:\/\/kunstverein-villingen-schwenningen.de\/wordpress\/index.php?rest_route=\/wp\/v2\/types\/page"}],"author":[{"embeddable":true,"href":"https:\/\/kunstverein-villingen-schwenningen.de\/wordpress\/index.php?rest_route=\/wp\/v2\/users\/1"}],"replies":[{"embeddable":true,"href":"https:\/\/kunstverein-villingen-schwenningen.de\/wordpress\/index.php?rest_route=%2Fwp%2Fv2%2Fcomments&post=695"}],"version-history":[{"count":2,"href":"https:\/\/kunstverein-villingen-schwenningen.de\/wordpress\/index.php?rest_route=\/wp\/v2\/pages\/695\/revisions"}],"predecessor-version":[{"id":697,"href":"https:\/\/kunstverein-villingen-schwenningen.de\/wordpress\/index.php?rest_route=\/wp\/v2\/pages\/695\/revisions\/697"}],"wp:attachment":[{"href":"https:\/\/kunstverein-villingen-schwenningen.de\/wordpress\/index.php?rest_route=%2Fwp%2Fv2%2Fmedia&parent=695"}],"curies":[{"name":"wp","href":"https:\/\/api.w.org\/{rel}","templated":true}]}}

<figure class="wp-block-image"><img decoding="async" src="https://kunstverein-villingen-schwenningen.de/wordpress/wp-content/uploads/2019/10/Plakat-A4-KVVS-2019_kl.jpg" alt="Dieses Bild hat ein leeres Alt-Attribut. Der Dateiname ist Plakat-A4-KVVS-2019_kl.jpg"/></figure>



<p>Der Kunstverein Villingen-Schwenningen lädt Sie und Ihre Freunde herzlich ein zur Eröffnung seiner</p>



<p><strong>66. Jahresausstellung</strong></p>



<p>am Sonntag, 10. November 2019, um 12.00 Uhr<br>im Franziskanermuseum Stadtbezirk Villingen, Rietgasse 2</p>



<p>Unikate der Ausstellenden werden als Jahresgaben angeboten.<br>Mitgliedern wird bei Kauf der Jahresbeitrag angerechnet.<br>Unter allen während der Ausstellung abgegebenen Beitrittserklärungen wird ein Unikat ausgelost</p>



<p>Begrüßung: Jürgen Roth, Oberbürgermeister</p>



<p>Musikalischer Rahmen: Nadia Sofokleous</p>



<p>Kurzführungen am Eröffnungstag: 14.00, 15.00 und 16.00 Uhr</p>



<p><strong>Künstlergespräche</strong><br>So 17. November, 15.00 Uhr<br>So 24. November, 15.00 Uhr</p>



<p><strong>Finissage mit musikalischer Performance</strong><br>So 1. Dezember, 15.00 Uhr</p>



<p>Öffnungszeiten<br>Di bis Sa 13.00 bis 17.00 Uhr,<br>So 11.00 bis 17.00 Uhr</p>



<p>Mitglieder:<br>Frank Altmann<br>Jörg Bach<br>Josef Bücheler<br>Sandra Eades<br>Daniel Erfle<br>Angela Flaig<br>Gotthard Glitsch<br>Helfried G. Glitsch<br>Hans Uwe Hähn<br>Axel e. Heil<br>Lisa Keller-Nikola<br>Wolfgang Kleiser<br>Reinhard Klessinger<br>Nikolaus Mohr<br>Wilhelm Morat<br>Katharina Puchner<br>Fritz Rapp<br>Marja Scholten-Reniers<br>Frank Renner<br>Paul Revellio<br>Zejlko Rusic<br>Uli Schanz<br>elfi schmidt<br>Reinhard Sigle<br>Remy Trévisan<br>Andreas Wiertz<br>Lore Will<br>Walter Zepf</p>



<p>Gäste:<br>Lutz Augspurger<br>Miriam Vogt</p>

<p>Der Kunstverein Villingen-Schwenningen lädt Sie und Ihre Freunde herzlich ein zur Eröffnung seiner 66. Jahresausstellung am Sonntag, 10. November 2019, um 12.00 Uhrim Franziskanermuseum Stadtbezirk Villingen, Rietgasse 2 Unikate der Ausstellenden werden als Jahresgaben angeboten.Mitgliedern wird bei Kauf der Jahresbeitrag angerechnet.Unter allen während der Ausstellung abgegebenen Beitrittserklärungen wird ein Unikat&hellip;</p>
<p class="read-more"><a href="https://kunstverein-villingen-schwenningen.de/wordpress/?page_id=695">Read More</a></p>
